{"id":118,"date":"2025-08-13T15:32:04","date_gmt":"2025-08-13T15:32:04","guid":{"rendered":"https:\/\/ahm.ghost.uem.mz\/?page_id=118"},"modified":"2025-08-13T15:32:04","modified_gmt":"2025-08-13T15:32:04","slug":"certidoes","status":"publish","type":"page","link":"https:\/\/ahm.uem.mz\/?page_id=118","title":{"rendered":"Certid\u00f5es"},"content":{"rendered":"\t\t<div data-elementor-type=\"wp-page\" data-elementor-id=\"118\" class=\"elementor elementor-118\">\n\t\t\t\t<div class=\"elementor-element elementor-element-691d241 e-flex e-con-boxed e-con e-parent\" data-id=\"691d241\" data-element_type=\"container\" data-e-type=\"container\">\n\t\t\t\t\t<div class=\"e-con-inner\">\n\t\t\t\t<div class=\"elementor-element elementor-element-42c4cb2 elementor-widget elementor-widget-heading\" data-id=\"42c4cb2\" data-element_type=\"widget\" data-e-type=\"widget\" data-widget_type=\"heading.default\">\n\t\t\t\t\t<h1 class=\"elementor-heading-title elementor-size-default\">Certid\u00f5es <\/h1>\t\t\t\t<\/div>\n\t\t\t\t<div class=\"elementor-element elementor-element-3d385a6 elementor-widget elementor-widget-heading\" data-id=\"3d385a6\" data-element_type=\"widget\" data-e-type=\"widget\" data-widget_type=\"heading.default\">\n\t\t\t\t\t<h3 class=\"elementor-heading-title elementor-size-default\">Servi\u00e7os de Notariado<\/h3>\t\t\t\t<\/div>\n\t\t\t\t<div class=\"elementor-element elementor-element-f0356b8 elementor-widget elementor-widget-text-editor\" data-id=\"f0356b8\" data-element_type=\"widget\" data-e-type=\"widget\" data-widget_type=\"text-editor.default\">\n\t\t\t\t\t\t\t\t\t<p>No Arquivo Hist\u00f3rico de Mo\u00e7ambique podem ser requeridas cerdid\u00f5es de registos de nascimento, casamento, militar, baptismo, \u00f3bito dos anos que partem de 1830 a 1964.<\/p><p>Constam do acervo em arquivo nesta institui\u00e7\u00e3o os livros da Administra\u00e7\u00e3o de Louren\u00e7o Marques de 1890-1930, da Par\u00f3quia de Nossa Senhora da Concei\u00e7\u00e3o de 1865-1930, da Par\u00f3quia de S\u00e3o Jos\u00e9 de Lhanguene de 1905-1930, da Par\u00f3quia da Munhuana de 1911-1930.<\/p><p>Produzidos na I Conservat\u00f3ria de Louren\u00e7o Marques, existirem livros de registo de nascimento dos anos 1930-1940 enquanto que da mesma institu\u00ed\u00e7\u00e3o tem-se os registos de casamento dos anos 1865 a 1940. No que concerne \u00e0 pol\u00edtica de indiginato implantada no pa\u00eds pelo colonialismo, no Arquivo Hist\u00f3rico de Mo\u00e7ambique se pode extrair certid\u00f5es de registo dos ano 1960-62 e, da Miss\u00e3o Inglesa Sui\u00e7a Romana est\u00e3o os registos de casamento de 1894-1907 e de \u00f3bito de 1910-1940.<\/p><p>Sobre Meconta pode-se extra\u00edr as certid\u00f5es de nascimento de 1953 a 1962 enquanto que no que tocante a casamentos existem livros de 1962 e de 1962 e os registos de \u00f3bito de 1963, por seu turno de Malema pode-se solicitar certid\u00f5es de nascimento de 1943 a 1945 e casamento de 1963.<\/p><p>Do espa\u00e7o temporal de 1915 a 1930, pode-se extra\u00edrem as certid\u00f5es de casamento da Ilha do Ibo e, da mesma regi\u00e3o podemos obter no Arquivo Hist\u00f3rico as certid\u00f5es de baptismo dos anos 1883-1933 e de nascimento de 1815 a 1930, enquanto que de Quelimane, extraem -se os baptismos realizados de 1871 a 1930 e \u00f3bitos de igual per\u00edodo e de Belavista os nascimento que partem de 1941 a 1963.<\/p><p>O distrito de Namapa contribui com os registos de \u00f3bito de 1935-60, nascimentos de 1937-63 e casamentos do per\u00edodo 1941-61 e Gaza: registos de baptismo de 1911-1922, casamentos de 1915-1930 e, os livros de \u00f3bito s\u00e3o do tempo que vai de 1915 at\u00e9 o ano 1922. Milange fornece livros de nascimentos de 1948 a 1953, casamento de 1948 e \u00f3bito de 1949 a 1953. Enquanto que de Chimoio pode-se requerer as certid\u00f5es de \u00f3bito de 1946-55, nascimento de 1948-58 e casamento de 1944 a 1956 e, por fim, temos da Beira livros de registos de casamento de 1956 a 1964.<\/p>\t\t\t\t\t\t\t\t<\/div>\n\t\t\t\t\t<\/div>\n\t\t\t\t<\/div>\n\t\t\t\t<\/div>\n\t\t","protected":false},"excerpt":{"rendered":"<p>Certid\u00f5es Servi\u00e7os de Notariado No Arquivo Hist\u00f3rico de Mo\u00e7ambique podem ser requeridas cerdid\u00f5es de registos de nascimento, casamento, militar, baptismo, [&hellip;]<\/p>\n","protected":false},"author":1,"featured_media":0,"parent":0,"menu_order":0,"comment_status":"closed","ping_status":"closed","template":"","meta":{"site-sidebar-layout":"no-sidebar","site-content-layout":"","ast-site-content-layout":"full-width-container","site-content-style":"default","site-sidebar-style":"default","ast-global-header-display":"","ast-banner-title-visibility":"","ast-main-header-display":"","ast-hfb-above-header-display":"","ast-hfb-below-header-display":"","ast-hfb-mobile-header-display":"","site-post-title":"","ast-breadcrumbs-content":"","ast-featured-img":"disabled","footer-sml-layout":"","ast-disable-related-posts":"","theme-transparent-header-meta":"","adv-header-id-meta":"","stick-header-meta":"","header-above-stick-meta":"","header-main-stick-meta":"","header-below-stick-meta":"","astra-migrate-meta-layouts":"default","ast-page-background-enabled":"default","ast-page-background-meta":{"desktop":{"background-color":"var(--ast-global-color-5)","background-image":"","background-repeat":"repeat","background-position":"center center","background-size":"auto","background-attachment":"scroll","background-type":"","background-media":"","overlay-type":"","overlay-color":"","overlay-opacity":"","overlay-gradient":""},"tablet":{"background-color":"","background-image":"","background-repeat":"repeat","background-position":"center center","background-size":"auto","background-attachment":"scroll","background-type":"","background-media":"","overlay-type":"","overlay-color":"","overlay-opacity":"","overlay-gradient":""},"mobile":{"background-color":"","background-image":"","background-repeat":"repeat","background-position":"center center","background-size":"auto","background-attachment":"scroll","background-type":"","background-media":"","overlay-type":"","overlay-color":"","overlay-opacity":"","overlay-gradient":""}},"ast-content-background-meta":{"desktop":{"background-color":"var(--ast-global-color-4)","background-image":"","background-repeat":"repeat","background-position":"center center","background-size":"auto","background-attachment":"scroll","background-type":"","background-media":"","overlay-type":"","overlay-color":"","overlay-opacity":"","overlay-gradient":""},"tablet":{"background-color":"var(--ast-global-color-4)","background-image":"","background-repeat":"repeat","background-position":"center center","background-size":"auto","background-attachment":"scroll","background-type":"","background-media":"","overlay-type":"","overlay-color":"","overlay-opacity":"","overlay-gradient":""},"mobile":{"background-color":"var(--ast-global-color-4)","background-image":"","background-repeat":"repeat","background-position":"center center","background-size":"auto","background-attachment":"scroll","background-type":"","background-media":"","overlay-type":"","overlay-color":"","overlay-opacity":"","overlay-gradient":""}},"footnotes":""},"class_list":["post-118","page","type-page","status-publish","hentry"],"_links":{"self":[{"href":"https:\/\/ahm.uem.mz\/index.php?rest_route=\/wp\/v2\/pages\/118","targetHints":{"allow":["GET"]}}],"collection":[{"href":"https:\/\/ahm.uem.mz\/index.php?rest_route=\/wp\/v2\/pages"}],"about":[{"href":"https:\/\/ahm.uem.mz\/index.php?rest_route=\/wp\/v2\/types\/page"}],"author":[{"embeddable":true,"href":"https:\/\/ahm.uem.mz\/index.php?rest_route=\/wp\/v2\/users\/1"}],"replies":[{"embeddable":true,"href":"https:\/\/ahm.uem.mz\/index.php?rest_route=%2Fwp%2Fv2%2Fcomments&post=118"}],"version-history":[{"count":0,"href":"https:\/\/ahm.uem.mz\/index.php?rest_route=\/wp\/v2\/pages\/118\/revisions"}],"wp:attachment":[{"href":"https:\/\/ahm.uem.mz\/index.php?rest_route=%2Fwp%2Fv2%2Fmedia&parent=118"}],"curies":[{"name":"wp","href":"https:\/\/api.w.org\/{rel}","templated":true}]}}